*o - 1. Let g be v(2). Suppose 8*r - 1203 + 339 = 0. Calculate the greatest common factor of g and r.
27
Let n be 266 + 16/4 + 0. Suppose -2*f + 0*p - 2*p + n = 0, 5*f = 4*p + 648. What is the greatest common factor of f and 33?
33
Let b(p) = p**2 + 13*p + 40. Let o be b(-8). Suppose o = -d + 3*d - 74. What is the highest common divisor of 296 and d?
37
Let b = -230 + 398. Calculate the greatest common factor of b and 63.
21
Suppose 2*i + 24 = 4*o - 3*i, -30 = -5*o + 2*i. Calculate the highest common factor of 66 and o.
6
Let b(t) = -t**2 + 19*t - 31. Let o be b(17). Suppose 3*j = -2*g + 544, -2*j = -o*g - 3*j + 823. Calculate the highest common divisor of 25 and g.
25
Let h be 8 + -20 + 9 - -234. Calculate the greatest common divisor of h and 99.
33
Suppose -40*b + 59*b - 14630 = 0. What is the highest common divisor of 110 and b?
110
Suppose 0 = -5*v + 4*k + 364, 3*v = v + k + 145. Let d(m) = 9*m**2 - 1. Suppose -7*j + 3 + 4 = 0. Let w be d(j). Calculate the highest common factor of v and w.
8
Let f(c) = -c - 22. Let u be f(-10). Let i = 26 + u. Suppose 5*z = -5*z + 420. What is the greatest common divisor of i and z?
14
Let m = -41 + 92. Calculate the highest common divisor of m and 3.
3
Let v(k) = 18*k - 7. Let l be v(15). Suppose -1 = -2*g + l. Let r = 1 + 11. What is the highest common factor of g and r?
12
Let s = 1189 - 1105. Calculate the greatest common factor of s and 204.
12
Let z = 7 - 1. Let i = -185 - -186. Let l be ((-60)/35)/(i + 18/(-14)). What is the highest common factor of z and l?
6
Suppose 14*v = 73*v - 7552. What is the highest common divisor of v and 2?
2
Let s(k) = k**2 + 27*k + 167. Let t be s(-22). What is the highest common divisor of 19 and t?
19
Suppose 4*i - 2*i - 34 = -2*l, 4*l - 8 = 0. Let f = 259 + -139. What is the greatest common factor of i and f?
15
Suppose -2*h + 4*v = -18, 4*h - 16*v - 75 = -21*v. Calculate the highest common factor of h and 1515.
15
Let l be 448/(-35) - 1/5. Let y = l + 29. What is the greatest common divisor of y and 176?
16
Let a = -289 - -366. Let d = -3 + -1. Let l be 9 - (-5)/((-10)/d). What is the greatest common divisor of l and a?
11
Let a(o) = o + 18. Let q be a(-10). Let i be (q/24)/((-1)/(-84)). What is the highest common divisor of 42 and i?
14
Let s(d) = -d**2 + 16*d + 13. Let x be s(17). Let u(n) = -n**3 - 2*n**2 - 7*n - 5. Let c be u(x). What is the greatest common divisor of 22 and c?
11
Suppose 0 = t + 3 - 5. Suppose 0*i - t*i = -54. Suppose 3 = -6*l + 7*l. What is the highest common factor of l and i?
3
Let g = 506 - 406. Calculate the highest common divisor of 20 and g.
20
Let t(f) = 3*f + 49. Let g be t(37). What is the greatest common divisor of g and 50?
10
Suppose 0*x = -5*x, 5*w = -3*x + 20. Let g be 5/20 + 579/w. Suppose -4*f - 235 = -2*u + g, -2*f + 194 = u. What is the highest common factor of 24 and u?
24
Suppose -2*j + 4 - 2 = 0. Let c(r) = -9*r + 1. Let v be c(-5). Let f = v - 39. What is the greatest common factor of j and f?
1
Let g be 32589/54 + 1/(-2). Calculate the highest common factor of 67 and g.
67
Suppose 0 = -3*g + 5*w + 14, -2*g + 46 = -0*g + 4*w. Calculate the highest common divisor of g and 52.
13
Suppose 5 = p + 3*g - 19, -5*p - 5*g = -80. What is the highest common factor of p and 516?
12
Let g(h) = h**2 - 12*h + 11. Let z be g(11). Suppose 0 = -r + v - 2*v + 218, 4*r - 2*v - 860 = z. What is the highest common divisor of r and 27?
27
Suppose 69*g + o = 65*g + 13, 4*g = -5*o + 17. What is the greatest common divisor of g and 24?
3
Suppose -5*d - 2*x = -4688, 0*x - 3*x + 1873 = 2*d. What is the greatest common factor of 14 and d?
14
Let i(c) = 2*c**2 + 2*c + 2. Let p be i(-2). Let t be 1 - (23 - (3 - 6)). Let v be (-5)/t + 298/10. What is the highest common divisor of v and p?
6
Let w be -54*2/(1 - 3). Suppose -8*k + w = -138. What is the greatest common divisor of k and 8?
8
Suppose -945 - 399 = -7*x. What is the highest common factor of 64 and x?
64
Let a(b) = b**2 - b + 3. Let h be a(0). Let f = 22 - 9. Let u be f + (4 - 3 - 2). Calculate the greatest common factor of h and u.
3
Let y(o) = -o**3 - 4*o**2 + 5*o + 10. Let g be y(-5). Suppose -4*f + 3*f = -100. Calculate the highest common divisor of g and f.
10
Let y be (-2 - (4 + -3)) + 271 + -4. Let u be (-1)/(-2) - y/(-16). What is the greatest common divisor of u and 85?
17
Suppose 20 = -5*a + 5, -4*d = a - 1881. What is the highest common divisor of d and 6?
3
Let m = -128 - -188. Let k(s) = s**3 - 9*s**2 + 3*s - 12. Let u be k(9). What is the highest common factor of m and u?
15
Let y(z) = 6*z**2 + 4*z - 10. Let c be y(7). Suppose -c*u + 143 = -311*u. What is the highest common divisor of u and 13?
13
Suppose -24*z - 134 + 1238 = 0. Calculate the greatest common divisor of 253 and z.
23
Suppose 0 = -4*t - 2*t - 276. Let n = t + 51. Calculate the greatest common factor of n and 5.
5
Let s(u) = -4*u**2 + 75*u - 40. Let j be s(18). Calculate the greatest common factor of 28 and j.
14
Let d = -457 + 464. Let s(p) = 5*p**2 - p + 1. Let o(i) = -i + 2. Let n be o(5). Let r be s(n). Calculate the highest common factor of r and d.
7
Let u(y) = -51*y + 114. Let k be u(1). What is the greatest common factor of 14 and k?
7
Let q = -189 + 371. What is the highest common divisor of q and 52?
26
Let j be 6/8 - (6 - (-2161)/(-4)). Suppose 0*c = -c - 4*h + 131, j = 4*c + 5*h. Suppose 41 = 5*l - 34. Calculate the greatest common factor of l and c.
15
Let v(g) = -2*g - 15. Let q be v(-9). Let m be -9*(1 - q) - 2. What is the highest common divisor of m and 8?
8
Let s be (-4)/6*-6 + -2. Let d be s*(3 - 1/(-2)). Suppose -d*y + y = -924. Calculate the greatest common factor of 14 and y.
14
Suppose -5*t + 14 = -3*t. What is the greatest common divisor of 112 and t?
7
Suppose 4*l - 4 = -4*f, -3*f = 2 - 5. Let u = l + 10. What is the greatest common divisor of u and 80?
10
Suppose -4*z = -0*z + 4*m - 156, 5*z + m - 183 = 0. Calculate the highest common divisor of 12 and z.
12
Let q be (-438)/(-4) - ((-20)/8 - -3). Let w = q - 55. Calculate the greatest common divisor of 18 and w.
18
Suppose -12*h + 80 = -7*h. Suppose -h = -5*b + b. Suppose 2*v - b*v + 18 = 0. What is the highest common divisor of 18 and v?
9
Let w be ((-2)/(-3))/((-8)/(-144)). Let d be (-6)/(-9) + 76/w. Suppose -5*r - 144 = -d*r. What is the greatest common factor of 18 and r?
18
Let v = 47 - 41. What is the greatest common divisor of 16 and v?
2
Suppose -3*d + 2*d = -117. What is the greatest common factor of d and 208?
13
Let l = -732 - -759. Calculate the greatest common factor of 5 and l.
1
Let x(p) = p**2 + 56*p - 60. Let d be x(-58). What is the greatest common factor of d and 1148?
28
Let v = 258 + -242. What is the greatest common factor of 208 and v?
16
Let w = 1 + 0. Let g(j) = 5*j**2 + j - 1. Let o be g(w). Let m be 5 - 2 - 5/o. Calculate the greatest common factor of 1 and m.
1
Let z be (5/(-10))/((-2)/(-16)). Let v be (-2)/z + 67/2. Calculate the greatest common divisor of v and 136.
34
Let y = -9 - -4. Let l = 11 - y. Let s be ((-54)/36)/((-2)/l). Calculate the greatest common divisor of 48 and s.
12
Suppose 22 = -4*m + 3*g + 127, -4*m + g = -115. What is the greatest common divisor of 24 and m?
6
Let b = -41 + 62. Let u(r) = 52*r - 1. Let m be u(1). Suppose 4*z - m = -5*d, -3*d = -3*z - 5*d + 40. What is the highest common factor of z and b?
7
Suppose -4*v - 4*x = -v - 12, -4*v + 4*x = 12. Let g be (-10)/((-8)/(v + 4)). Suppose g*z = 49 + 1. Calculate the highest common divisor of z and 2.
2
Suppose -4*j = -8*j + 144. Let a = 66 - j. Suppose -t + 12 = -3*b - 3, 4*t - 4*b = 36. What is the greatest common factor of a and t?
6
Let y be -10 - 1 - (-1 - -2). Let z be ((-45)/y)/(12/128). What is the highest common factor of 10 and z?
10
Let m(r) = -81*r - 259. Let b be m(-4). What is the highest common divisor of 35 and b?
5
Let m be 3 - 175/63 - (-644)/18. Let j = 9 + 15. Calculate the greatest common divisor of m and j.
12
Let w = 1 - 3. Let r be 10 + (-2)/((-4)/w). Let s be ((-12)/r)/((-1)/15). Calculate the greatest common divisor of 160 and s.
20
Let p be 3 + 0*(-2)/4. Suppose -z + p = 2. What is the greatest common factor of 2 and z?
1
Suppose 0 = -4*u + 3*u + 14. Let f(p) = 103*p - 302. Let d be f(3). What is the highest